2*z - 4*u = 36. Let k = 142 + -14. Calculate the highest common divisor of z and k.
16
Let s be 4 + 518/1 - -6. What is the greatest common divisor of 33 and s?
33
Let l = 68 - -13. Suppose -7*t - l = -10*t. Calculate the highest common divisor of t and 18.
9
Let h be 1/(14/(-8) - 4/(-2)). Suppose -h*j + 235 = j - 3*l, -3*j + 5*l + 157 = 0. What is the greatest common divisor of 11 and j?
11
Let o(u) = 8*u + 67. Let i be o(-8). Let y be 132/18 + (-2)/6. Let c = y + i. Calculate the highest common divisor of 80 and c.
10
Suppose 76 = g + 23*j - 28*j, g = -3*j + 108. What is the greatest common divisor of 1008 and g?
48
Suppose 70*f - 335 = 365. Calculate the greatest common divisor of f and 1390.
10
Let g(l) = 2*l**3 + 8*l**2 - 3*l - 10. Let k be g(-4). What is the highest common divisor of 2 and k?
2
Suppose 4*w + 2*x - 410 - 40 = 0, -x + 1 = 0. Suppose 4*b = 32 - 12, 0 = -3*a + 4*b + w. Calculate the greatest common divisor of a and 11.
11
Let n(i) = -i**3 - 43*i**2 - 39*i + 132. Let z be n(-42). Let b be 0/(1*(1 - -1)). Suppose b = p - 26 - z. What is the highest common factor of 4 and p?
4
Let f = 485 - 166. Suppose 6*w - 9 - 165 = 0. What is the highest common factor of w and f?
29
Suppose 0 = -4*g - 16, -2*i - g - 17 = -97. Calculate the greatest common factor of 4 and i.
2
Let h(b) = b**2 - 9*b + 7. Let u be h(-8). Suppose -8*s + 5*s = -z + 28, s = -3*z + 34. Calculate the highest common factor of u and z.
13
Let w be 3 + 8 + (-490)/(-35). What is the greatest common divisor of 145 and w?
5
Let u(t) be the first derivative of t**4/4 - 2*t**3 + 7*t**2 - 11*t - 50. Let r be u(5). Calculate the greatest common divisor of 170 and r.
34
Suppose 2*s + t = 64, -2*s - s + 89 = -2*t. Suppose 0 = 4*w + 267 - 639. Calculate the highest common factor of w and s.
31
Let i = -13511 - -13524. Suppose -d + 38 = -66. What is the highest common factor of d and i?
13
Let s be -13 + 11 + 0 + 14. Let m be -5*(-11)/(110/s). Suppose -2*c + 3*h + 2*h = -94, -2*c - h = -82. Calculate the greatest common factor of c and m.
6
Let p(c) = 2*c**2 + 5*c - 15. Suppose 0 = 14*g + 71 + 13. Let q be p(g). Calculate the greatest common divisor of 9 and q.
9
Suppose 2*n = -5081 + 5311. Calculate the highest common divisor of 2185 and n.
115
Let b(u) = u**3 - 15*u**2 - 14*u + 11. Let t be b(16). Let l = -21 + t. Calculate the greatest common factor of 242 and l.
22
Let n(s) = 2357*s**2 + 14*s + 13. Let t be n(-1). What is the greatest common divisor of t and 76?
76
Suppose 2*o = -4*q - 2*o + 1600, 2*q + o - 805 = 0. Let p = 225 + -180. Calculate the highest common divisor of q and p.
45
Let v = 34 - 1. Let a(j) = 6*j**2 + 2*j - 6. Suppose 10 - 2 = 4*z - n, 0 = -4*z + 2*n + 8. Let w be a(z). What is the highest common divisor of w and v?
11
Suppose -3*o + 7 + 5 = 0. Let h = 411 - 405. What is the highest common factor of o and h?
2
Let v be (-3 - -2)/((-3)/75). Let c = -10 + 14. Let x be 215/v + c/10. What is the highest common factor of x and 9?
9
Suppose 3*n = -v, -v - v + n + 7 = 0. Suppose v*c - 188 = -2*j, -3*c + 4*j - 312 = -8*c. What is the highest common divisor of 8 and c?
8
Let a(l) = 2*l**2 + 3*l + 3. Suppose 7*o - 6 = 10*o. Let i be a(o). What is the highest common divisor of 40 and i?
5
Let k(w) = w**3 + 54*w**2 - 57*w - 103. Let c be k(-55). Let u = 2 - -5. Calculate the highest common factor of c and u.
7
Let h = 43 + -12. Suppose -25*t = -h*t + 1848. Calculate the highest common factor of t and 44.
44
Let g(s) = 574*s**3 + 2*s**2 + 3*s - 5. Let o be g(1). What is the greatest common divisor of 14 and o?
14
Let s = -513 - -765. Suppose 0 = -3*w - w + s. What is the greatest common factor of w and 7?
7
Suppose 0 = -5*h - 4*g + 4972, -2*g + 980 = h - 6*g. Let a be (-4)/20 - h/(-10). Suppose 5*q = 10*q - 55. Calculate the highest common factor of a and q.
11
Let t be (-316)/2*11/(-22) + 0. What is the highest common divisor of t and 158?
79
Let c(j) = -j**3 - 31*j**2 - 64*j + 8. Let f be c(-29). What is the greatest common factor of f and 56?
14
Let y = 33 - 3. Suppose -217 = 6*w - 67. Let b = w + y. Calculate the greatest common divisor of b and 20.
5
Let p = -410 - -488. Calculate the highest common divisor of p and 6.
6
Suppose -4*u = -4*f - 7*u + 83, 5*f = -5*u + 105. What is the greatest common divisor of f and 110?
10
Suppose -4*g + 27 = 403. Let y = -26 - g. What is the highest common factor of y and 34?
34
Suppose -17*c = -1399 - 14377. Calculate the greatest common divisor of c and 64.
32
Let d be 1/((-6)/(-166)) - (-4)/12. Suppose 2*r = -5*u + 3*u + 134, -4*r = 2*u - 128. What is the greatest common divisor of d and u?
14
Suppose z + 5*i - i = -7, 5*z = 2*i - 145. Let v be (z/1)/(-3) + -3. Suppose -29 - 31 = -v*n. What is the highest common divisor of 10 and n?
10
Suppose -157 = 4*p - 409. Let d be ((-1)/(-3))/(1/(-3)). Let c be 18/(-4)*2*d. What is the greatest common divisor of c and p?
9
Let c be (-5)/(-50)*5*-4*-12. Calculate the highest common factor of 64 and c.
8
Let n(s) = 4*s - 64. Let c be n(16). Let x be (-597)/(-9) - (-1)/(-3). Suppose l - x + 18 = c. What is the greatest common divisor of 12 and l?
12
Suppose 2*v - 155 + 105 = 0. Let i be 124*1 - 2/(-2). Calculate the greatest common factor of i and v.
25
Let b = -102 - -150. What is the highest common divisor of 64 and b?
16
Suppose -70 + 395 = a - r, 3*r - 1617 = -5*a. What is the greatest common divisor of a and 12?
12
Suppose -17 = 2*j - 109. Calculate the highest common factor of 69 and j.
23
Let t be -3*(-2)/9*-6. Let f be (2/4)/(t/72). Let a = 36 + f. What is the greatest common factor of 54 and a?
27
Suppose 95 = 5*t - 5*w, -4*w - 56 - 34 = -5*t. Let s be 4/(-14) + 172/t. Let c = -645 + 649. Calculate the greatest common divisor of c and s.
4
Let q(g) = 8 - 3 + 3*g + 9*g - 5*g. Let h be q(5). What is the greatest common divisor of 40 and h?
40
Let z(i) = -49*i + 29. Let s be z(-6). Calculate the greatest common factor of 19 and s.
19
Suppose 3*y + 38 = 4*k + 2*y, -2*k + 8 = 5*y. Suppose 0 = u - 63 + k. Calculate the highest common factor of 27 and u.
27
Let k(u) = 3*u**3 - 7*u**2 + 4*u + 2. Let a be k(5). What is the highest common divisor of 12 and a?
6
Suppose 0 = -157*s + 168*s - 6270. Calculate the greatest common divisor of s and 15.
15
Let q(j) = -j**3 - 20*j**2 + 4. Let c be q(-20). Suppose 3*s + 16 = 100. Calculate the highest common factor of s and c.
4
Let h = -4311 - -6361. Calculate the highest common factor of 10 and h.
10
Let w(j) = 14*j - 158. Let a be w(27). Calculate the greatest common divisor of a and 44.
44
Suppose 0 = -3*c + 3*x - 2 + 8, -x = -5*c + 22. Let k be (-1)/((1*2)/(-70)). Calculate the greatest common divisor of k and c.
5
Let i be (-16)/(-12) + (-88)/(-6). Let d be (-17 + i)/((-313)/156 + 2). Calculate the greatest common factor of 12 and d.
12
Let n(b) = -8*b. Let o be n(-2). Suppose -198 = -g - g - 3*r, 0 = 5*r - 10. Calculate the greatest common divisor of o and g.
16
Let r(d) = -d**2 + 9*d + 9. Let f be r(7). Suppose 18*j + 8 = 8. Suppose j = -8*s + 1356 - 68. Calculate the greatest common divisor of f and s.
23
Let g(d) = d**2 - 15*d + 15. Let h be g(22). Calculate the greatest common factor of 39 and h.
13
Let z = 18 - 8. Let f be 188/7 - (-2)/14. Let a be (-3)/((f/4)/(-9)). Calculate the greatest common divisor of a and z.
2
Let o = 198 - 125. Let u = 225 - o. What is the greatest common divisor of 19 and u?
19
Suppose 0*r - 6*r = -18. Let w(c) = 4*c**3 - c. Let k be w(1). What is the highest common divisor of k and r?
3
Let z be (-2)/(-6) + 778/6. Let h be 0 + (-213 + 5)/(-8). What is the greatest common divisor of z and h?
26
Let y(z) = 15*z**2 - 70*z + 69. Let b be y(1). Calculate the highest common divisor of b and 259.
7
Let s = -3617 - -5647. What is the greatest common factor of s and 5?
5
Let a = -21 - -23. Suppose -3*k = a*k - 2*r - 105, 3*k - 63 = -2*r. Calculate the highest common divisor of 147 and k.
21
Suppose -6*t - 9 = -57. Suppose -37*m = -36*m - t. Calculate the highest common divisor of m and 8.
8
Let d be ((-493)/145)/(1/(-15)). Let f be 2 - 2 - (-2)/2. Let a be 2/((6/51)/f). Calculate the highest common factor of d and a.
17
Let j(z) = 8*z - 4. Let n(b) = -1. Let a(x) = -j(x) + 12*n(x). Let g be a(-6). Calculate the gre